{"version":"1.0","provider_name":"","provider_url":"https:\/\/www.anovapeneira.gal","author_name":"Redacci\u00f3n A Nova Peneira","author_url":"https:\/\/www.anovapeneira.gal\/index.php\/author\/redactor\/","title":"Redondela celebra o D\u00eda Nacional de Galicia -","type":"rich","width":600,"height":338,"html":"<blockquote class=\"wp-embedded-content\" data-secret=\"xcqUebw3Hd\"><a href=\"https:\/\/www.anovapeneira.gal\/index.php\/2020\/07\/30\/redondela-celebra-o-dia-nacional-de-galicia\/\">Redondela celebra o D\u00eda Nacional de Galicia<\/a><\/blockquote><iframe sandbox=\"allow-scripts\" security=\"restricted\" src=\"https:\/\/www.anovapeneira.gal\/index.php\/2020\/07\/30\/redondela-celebra-o-dia-nacional-de-galicia\/embed\/#?secret=xcqUebw3Hd\" width=\"600\" height=\"338\" title=\"&#8220;Redondela celebra o D\u00eda Nacional de Galicia&#8221; &#8212; \" data-secret=\"xcqUebw3Hd\" frameborder=\"0\" marginwidth=\"0\" marginheight=\"0\" scrolling=\"no\" class=\"wp-embedded-content\"><\/iframe><script type=\"text\/javascript\">\n\/* <![CDATA[ *\/\n\/*! This file is auto-generated *\/\n!function(d,l){\"use strict\";l.querySelector&&d.addEventListener&&\"undefined\"!=typeof URL&&(d.wp=d.wp||{},d.wp.receiveEmbedMessage||(d.wp.receiveEmbedMessage=function(e){var t=e.data;if((t||t.secret||t.message||t.value)&&!\/[^a-zA-Z0-9]\/.test(t.secret)){for(var s,r,n,a=l.querySelectorAll('iframe[data-secret=\"'+t.secret+'\"]'),o=l.querySelectorAll('blockquote[data-secret=\"'+t.secret+'\"]'),c=new RegExp(\"^https?:$\",\"i\"),i=0;i<o.length;i++)o[i].style.display=\"none\";for(i=0;i<a.length;i++)s=a[i],e.source===s.contentWindow&&(s.removeAttribute(\"style\"),\"height\"===t.message?(1e3<(r=parseInt(t.value,10))?r=1e3:~~r<200&&(r=200),s.height=r):\"link\"===t.message&&(r=new URL(s.getAttribute(\"src\")),n=new URL(t.value),c.test(n.protocol))&&n.host===r.host&&l.activeElement===s&&(d.top.location.href=t.value))}},d.addEventListener(\"message\",d.wp.receiveEmbedMessage,!1),l.addEventListener(\"DOMContentLoaded\",function(){for(var e,t,s=l.querySelectorAll(\"iframe.wp-embedded-content\"),r=0;r<s.length;r++)(t=(e=s[r]).getAttribute(\"data-secret\"))||(t=Math.random().toString(36).substring(2,12),e.src+=\"#?secret=\"+t,e.setAttribute(\"data-secret\",t)),e.contentWindow.postMessage({message:\"ready\",secret:t},\"*\")},!1)))}(window,document);\n\/\/# sourceURL=https:\/\/www.anovapeneira.gal\/wp-includes\/js\/wp-embed.min.js\n\/* ]]> *\/\n<\/script>\n","thumbnail_url":"https:\/\/www.anovapeneira.gal\/wp-content\/uploads\/2020\/07\/25_de_xullo_redondela_a_nova_peneira.jpg","thumbnail_width":720,"thumbnail_height":432,"description":"Este s\u00e1bado 25 de xullo o Concello de Redondela organizou o seu tradicional acto institucional para celebrar o D\u00eda Nacional de Galicia. A alcaldesa, Digna Rivas, recibiu na Casa do Concello a Guadi Galego, e foi convidada a escribir unhas palabras no libro de honra do Concello de Redondela. Dignas Rivas apunta que \"Guadi ten demostrado sempre un gran amor pola cultura galega e unha implicaci\u00f3n na loita feminista. Dende o noso concello queremos reco\u00f1ecela e trasladarlle a nosa forza para que acade m\u00e1is \u00e9xitos de cara ao futuro porque tam\u00e9n ser\u00e1n \u00e9xitos para Galicia\""}

Redacción A Nova Peneira

Redondela celebra o Día Nacional de Galicia -

<blockquote class="wp-embedded-content" data-secret="xcqUebw3Hd"><a href="https://www.anovapeneira.gal/index.php/2020/07/30/redondela-celebra-o-dia-nacional-de-galicia/">Redondela celebra o Día Nacional de Galicia</a></blockquote><iframe sandbox="allow-scripts" security="restricted" src="https://www.anovapeneira.gal/index.php/2020/07/30/redondela-celebra-o-dia-nacional-de-galicia/embed/#?secret=xcqUebw3Hd" width="600" height="338" title="&#8220;Redondela celebra o Día Nacional de Galicia&#8221; &#8212; " data-secret="xcqUebw3Hd" frameborder="0" marginwidth="0" marginheight="0" scrolling="no" class="wp-embedded-content"></iframe><script type="text/javascript">
/* <![CDATA[ */
/*! This file is auto-generated */
!function(d,l){"use strict";l.querySelector&&d.addEventListener&&"undefined"!=typeof URL&&(d.wp=d.wp||{},d.wp.receiveEmbedMessage||(d.wp.receiveEmbedMessage=function(e){var t=e.data;if((t||t.secret||t.message||t.value)&&!/[^a-zA-Z0-9]/.test(t.secret)){for(var s,r,n,a=l.querySelectorAll('iframe[data-secret="'+t.secret+'"]'),o=l.querySelectorAll('blockquote[data-secret="'+t.secret+'"]'),c=new RegExp("^https?:$","i"),i=0;i<o.length;i++)o[i].style.display="none";for(i=0;i<a.length;i++)s=a[i],e.source===s.contentWindow&&(s.removeAttribute("style"),"height"===t.message?(1e3<(r=parseInt(t.value,10))?r=1e3:~~r<200&&(r=200),s.height=r):"link"===t.message&&(r=new URL(s.getAttribute("src")),n=new URL(t.value),c.test(n.protocol))&&n.host===r.host&&l.activeElement===s&&(d.top.location.href=t.value))}},d.addEventListener("message",d.wp.receiveEmbedMessage,!1),l.addEventListener("DOMContentLoaded",function(){for(var e,t,s=l.querySelectorAll("iframe.wp-embedded-content"),r=0;r<s.length;r++)(t=(e=s[r]).getAttribute("data-secret"))||(t=Math.random().toString(36).substring(2,12),e.src+="#?secret="+t,e.setAttribute("data-secret",t)),e.contentWindow.postMessage({message:"ready",secret:t},"*")},!1)))}(window,document);
//# sourceURL=https://www.anovapeneira.gal/wp-includes/js/wp-embed.min.js
/* ]]> */
</script>

Este sábado 25 de xullo o Concello de Redondela organizou o seu tradicional acto institucional para celebrar o Día Nacional de Galicia. A alcaldesa, Digna Rivas, recibiu na Casa do Concello a Guadi Galego, e foi convidada a escribir unhas palabras no libro de honra do Concello de Redondela. Dignas Rivas apunta que "Guadi ten demostrado sempre un gran amor pola cultura galega e unha implicación na loita feminista. Dende o noso concello queremos recoñecela e trasladarlle a nosa forza para que acade máis éxitos de cara ao futuro porque tamén serán éxitos para Galicia"
