{"version":"1.0","provider_name":"","provider_url":"https:\/\/www.anovapeneira.gal","author_name":"Redacci\u00f3n A Nova Peneira","author_url":"https:\/\/www.anovapeneira.gal\/index.php\/author\/redactor\/","title":"A Porta do Sol [LUGARDEMEMORIA] -","type":"rich","width":600,"height":338,"html":"<blockquote class=\"wp-embedded-content\" data-secret=\"2kwuWsdp8d\"><a href=\"https:\/\/www.anovapeneira.gal\/index.php\/2020\/10\/02\/a-porta-do-sol-lugardememoria\/\">A Porta do Sol [LUGARDEMEMORIA]<\/a><\/blockquote><iframe sandbox=\"allow-scripts\" security=\"restricted\" src=\"https:\/\/www.anovapeneira.gal\/index.php\/2020\/10\/02\/a-porta-do-sol-lugardememoria\/embed\/#?secret=2kwuWsdp8d\" width=\"600\" height=\"338\" title=\"&#8220;A Porta do Sol [LUGARDEMEMORIA]&#8221; &#8212; \" data-secret=\"2kwuWsdp8d\" frameborder=\"0\" marginwidth=\"0\" marginheight=\"0\" scrolling=\"no\" class=\"wp-embedded-content\"><\/iframe><script type=\"text\/javascript\">\n\/* <![CDATA[ *\/\n\/*! This file is auto-generated *\/\n!function(d,l){\"use strict\";l.querySelector&&d.addEventListener&&\"undefined\"!=typeof URL&&(d.wp=d.wp||{},d.wp.receiveEmbedMessage||(d.wp.receiveEmbedMessage=function(e){var t=e.data;if((t||t.secret||t.message||t.value)&&!\/[^a-zA-Z0-9]\/.test(t.secret)){for(var s,r,n,a=l.querySelectorAll('iframe[data-secret=\"'+t.secret+'\"]'),o=l.querySelectorAll('blockquote[data-secret=\"'+t.secret+'\"]'),c=new RegExp(\"^https?:$\",\"i\"),i=0;i<o.length;i++)o[i].style.display=\"none\";for(i=0;i<a.length;i++)s=a[i],e.source===s.contentWindow&&(s.removeAttribute(\"style\"),\"height\"===t.message?(1e3<(r=parseInt(t.value,10))?r=1e3:~~r<200&&(r=200),s.height=r):\"link\"===t.message&&(r=new URL(s.getAttribute(\"src\")),n=new URL(t.value),c.test(n.protocol))&&n.host===r.host&&l.activeElement===s&&(d.top.location.href=t.value))}},d.addEventListener(\"message\",d.wp.receiveEmbedMessage,!1),l.addEventListener(\"DOMContentLoaded\",function(){for(var e,t,s=l.querySelectorAll(\"iframe.wp-embedded-content\"),r=0;r<s.length;r++)(t=(e=s[r]).getAttribute(\"data-secret\"))||(t=Math.random().toString(36).substring(2,12),e.src+=\"#?secret=\"+t,e.setAttribute(\"data-secret\",t)),e.contentWindow.postMessage({message:\"ready\",secret:t},\"*\")},!1)))}(window,document);\n\/\/# sourceURL=https:\/\/www.anovapeneira.gal\/wp-includes\/js\/wp-embed.min.js\n\/* ]]> *\/\n<\/script>\n","thumbnail_url":"https:\/\/www.anovapeneira.gal\/wp-content\/uploads\/2020\/09\/memoria_historica_porta_do_sol_a_nova_peneira.jpg","thumbnail_width":720,"thumbnail_height":432,"description":"O mesmo d\u00eda 18 de xullo, s\u00e1bado, a Alcald\u00eda de Vigo , presidida por Emilio Martinez Garrido, publicaba un bando no que \u201creitera al vecindario la seguridad completa de haber sido totalmente sofocado el criminal intento producido fuera del territorio pen\u00ednsular, fuertemente ahogado por el grito clamoroso que a estas horas vibra en todos los \u00e1mbitos del pa\u00eds \u00a1Viva la Rep\u00fablica\u00a1. Trabuc\u00e1banse"}

Redacción A Nova Peneira

O mesmo día 18 de xullo, sábado, a Alcaldía de Vigo , presidida por Emilio Martinez Garrido, publicaba un bando no que “reitera al vecindario la seguridad completa de haber sido totalmente sofocado el criminal intento producido fuera del territorio penínsular, fuertemente ahogado por el grito clamoroso que a estas horas vibra en todos los ámbitos del país ¡Viva la República¡. Trabucábanse
