{"version":"1.0","provider_name":"","provider_url":"https:\/\/www.anovapeneira.gal","author_name":"Redacci\u00f3n A Nova Peneira","author_url":"https:\/\/www.anovapeneira.gal\/index.php\/author\/redactor\/","title":"Os cheiros de Rande -","type":"rich","width":600,"height":338,"html":"<blockquote class=\"wp-embedded-content\" data-secret=\"6uk213KIq8\"><a href=\"https:\/\/www.anovapeneira.gal\/index.php\/2020\/10\/26\/os-cheiros-de-rande\/\">Os cheiros de Rande<\/a><\/blockquote><iframe sandbox=\"allow-scripts\" security=\"restricted\" src=\"https:\/\/www.anovapeneira.gal\/index.php\/2020\/10\/26\/os-cheiros-de-rande\/embed\/#?secret=6uk213KIq8\" width=\"600\" height=\"338\" title=\"&#8220;Os cheiros de Rande&#8221; &#8212; \" data-secret=\"6uk213KIq8\" frameborder=\"0\" marginwidth=\"0\" marginheight=\"0\" scrolling=\"no\" class=\"wp-embedded-content\"><\/iframe><script type=\"text\/javascript\">\n\/* <![CDATA[ *\/\n\/*! This file is auto-generated *\/\n!function(d,l){\"use strict\";l.querySelector&&d.addEventListener&&\"undefined\"!=typeof URL&&(d.wp=d.wp||{},d.wp.receiveEmbedMessage||(d.wp.receiveEmbedMessage=function(e){var t=e.data;if((t||t.secret||t.message||t.value)&&!\/[^a-zA-Z0-9]\/.test(t.secret)){for(var s,r,n,a=l.querySelectorAll('iframe[data-secret=\"'+t.secret+'\"]'),o=l.querySelectorAll('blockquote[data-secret=\"'+t.secret+'\"]'),c=new RegExp(\"^https?:$\",\"i\"),i=0;i<o.length;i++)o[i].style.display=\"none\";for(i=0;i<a.length;i++)s=a[i],e.source===s.contentWindow&&(s.removeAttribute(\"style\"),\"height\"===t.message?(1e3<(r=parseInt(t.value,10))?r=1e3:~~r<200&&(r=200),s.height=r):\"link\"===t.message&&(r=new URL(s.getAttribute(\"src\")),n=new URL(t.value),c.test(n.protocol))&&n.host===r.host&&l.activeElement===s&&(d.top.location.href=t.value))}},d.addEventListener(\"message\",d.wp.receiveEmbedMessage,!1),l.addEventListener(\"DOMContentLoaded\",function(){for(var e,t,s=l.querySelectorAll(\"iframe.wp-embedded-content\"),r=0;r<s.length;r++)(t=(e=s[r]).getAttribute(\"data-secret\"))||(t=Math.random().toString(36).substring(2,12),e.src+=\"#?secret=\"+t,e.setAttribute(\"data-secret\",t)),e.contentWindow.postMessage({message:\"ready\",secret:t},\"*\")},!1)))}(window,document);\n\/\/# sourceURL=https:\/\/www.anovapeneira.gal\/wp-includes\/js\/wp-embed.min.js\n\/* ]]> *\/\n<\/script>\n","thumbnail_url":"https:\/\/www.anovapeneira.gal\/wp-content\/uploads\/2020\/10\/venancio_rande_a_nova_peneira.jpg","thumbnail_width":720,"thumbnail_height":432,"description":"Calquera viaxeiro que pase pola zona de Cabanas notar\u00e1 un cheiro moi desagradable. Esta situaci\u00f3n d\u00e1se desde hai moitos anos, pero nos \u00faltimos tempos semella que a intensidade do cheiro \u00e9 maior, e \u00e1s veces resulta pouco menos que pestilente. N\u00f3s falamos con Venancio, un veci\u00f1o da zona que nos comenta que os malos olores proceden dunha factor\u00eda al\u00ed instalada que se dedica ao procesamento de peixe"}

Redacción A Nova Peneira

Calquera viaxeiro que pase pola zona de Cabanas notará un cheiro moi desagradable. Esta situación dáse desde hai moitos anos, pero nos últimos tempos semella que a intensidade do cheiro é maior, e ás veces resulta pouco menos que pestilente. Nós falamos con Venancio, un veciño da zona que nos comenta que os malos olores proceden dunha factoría alí instalada que se dedica ao procesamento de peixe
