{"version":"1.0","provider_name":"","provider_url":"https:\/\/www.anovapeneira.gal","author_name":"Baldomero Iglesias Dobarrio, Mero","author_url":"https:\/\/www.anovapeneira.gal\/index.php\/author\/opinionmero\/","title":"QUEN SE CONSOLA NO D\u00cdA DAS NOSAS LETRAS? -","type":"rich","width":600,"height":338,"html":"<blockquote class=\"wp-embedded-content\" data-secret=\"wMiayrJYJF\"><a href=\"https:\/\/www.anovapeneira.gal\/index.php\/2021\/04\/29\/quen-se-consola-no-dia-das-nosas-letras\/\">QUEN SE CONSOLA NO D\u00cdA DAS NOSAS LETRAS?<\/a><\/blockquote><iframe sandbox=\"allow-scripts\" security=\"restricted\" src=\"https:\/\/www.anovapeneira.gal\/index.php\/2021\/04\/29\/quen-se-consola-no-dia-das-nosas-letras\/embed\/#?secret=wMiayrJYJF\" width=\"600\" height=\"338\" title=\"&#8220;QUEN SE CONSOLA NO D\u00cdA DAS NOSAS LETRAS?&#8221; &#8212; \" data-secret=\"wMiayrJYJF\" frameborder=\"0\" marginwidth=\"0\" marginheight=\"0\" scrolling=\"no\" class=\"wp-embedded-content\"><\/iframe><script type=\"text\/javascript\">\n\/* <![CDATA[ *\/\n\/*! This file is auto-generated *\/\n!function(d,l){\"use strict\";l.querySelector&&d.addEventListener&&\"undefined\"!=typeof URL&&(d.wp=d.wp||{},d.wp.receiveEmbedMessage||(d.wp.receiveEmbedMessage=function(e){var t=e.data;if((t||t.secret||t.message||t.value)&&!\/[^a-zA-Z0-9]\/.test(t.secret)){for(var s,r,n,a=l.querySelectorAll('iframe[data-secret=\"'+t.secret+'\"]'),o=l.querySelectorAll('blockquote[data-secret=\"'+t.secret+'\"]'),c=new RegExp(\"^https?:$\",\"i\"),i=0;i<o.length;i++)o[i].style.display=\"none\";for(i=0;i<a.length;i++)s=a[i],e.source===s.contentWindow&&(s.removeAttribute(\"style\"),\"height\"===t.message?(1e3<(r=parseInt(t.value,10))?r=1e3:~~r<200&&(r=200),s.height=r):\"link\"===t.message&&(r=new URL(s.getAttribute(\"src\")),n=new URL(t.value),c.test(n.protocol))&&n.host===r.host&&l.activeElement===s&&(d.top.location.href=t.value))}},d.addEventListener(\"message\",d.wp.receiveEmbedMessage,!1),l.addEventListener(\"DOMContentLoaded\",function(){for(var e,t,s=l.querySelectorAll(\"iframe.wp-embedded-content\"),r=0;r<s.length;r++)(t=(e=s[r]).getAttribute(\"data-secret\"))||(t=Math.random().toString(36).substring(2,12),e.src+=\"#?secret=\"+t,e.setAttribute(\"data-secret\",t)),e.contentWindow.postMessage({message:\"ready\",secret:t},\"*\")},!1)))}(window,document);\n\/\/# sourceURL=https:\/\/www.anovapeneira.gal\/wp-includes\/js\/wp-embed.min.js\n\/* ]]> *\/\n<\/script>\n","thumbnail_url":"https:\/\/www.anovapeneira.gal\/wp-content\/uploads\/2019\/07\/ARTIGO_DE_OPINION_A_NOVA_PENEIRA.jpg","thumbnail_width":720,"thumbnail_height":473,"description":"Hai, desde xa moito tempo, unha indixencia de saberes na pol\u00edtica que se presenta asombrosa. Parece ser que aquela xente que nos representa, envolta en mil discursos, despois goberna en contra de n\u00f3s e tal como lle peta. Non sei se \u00e9 a s\u00faa apetencia de favores, ben remunerados, quizais un modo de comportamento suicida que nos agon\u00eda, ou ansias de domear desde o poleiro con certa prepotencia globalizadora"}

QUEN SE CONSOLA NO DÍA DAS NOSAS LETRAS? -

<blockquote class="wp-embedded-content" data-secret="wMiayrJYJF"><a href="https://www.anovapeneira.gal/index.php/2021/04/29/quen-se-consola-no-dia-das-nosas-letras/">QUEN SE CONSOLA NO DÍA DAS NOSAS LETRAS?</a></blockquote><iframe sandbox="allow-scripts" security="restricted" src="https://www.anovapeneira.gal/index.php/2021/04/29/quen-se-consola-no-dia-das-nosas-letras/embed/#?secret=wMiayrJYJF" width="600" height="338" title="&#8220;QUEN SE CONSOLA NO DÍA DAS NOSAS LETRAS?&#8221; &#8212; " data-secret="wMiayrJYJF" frameborder="0" marginwidth="0" marginheight="0" scrolling="no" class="wp-embedded-content"></iframe><script type="text/javascript">
/* <![CDATA[ */
/*! This file is auto-generated */
!function(d,l){"use strict";l.querySelector&&d.addEventListener&&"undefined"!=typeof URL&&(d.wp=d.wp||{},d.wp.receiveEmbedMessage||(d.wp.receiveEmbedMessage=function(e){var t=e.data;if((t||t.secret||t.message||t.value)&&!/[^a-zA-Z0-9]/.test(t.secret)){for(var s,r,n,a=l.querySelectorAll('iframe[data-secret="'+t.secret+'"]'),o=l.querySelectorAll('blockquote[data-secret="'+t.secret+'"]'),c=new RegExp("^https?:$","i"),i=0;i<o.length;i++)o[i].style.display="none";for(i=0;i<a.length;i++)s=a[i],e.source===s.contentWindow&&(s.removeAttribute("style"),"height"===t.message?(1e3<(r=parseInt(t.value,10))?r=1e3:~~r<200&&(r=200),s.height=r):"link"===t.message&&(r=new URL(s.getAttribute("src")),n=new URL(t.value),c.test(n.protocol))&&n.host===r.host&&l.activeElement===s&&(d.top.location.href=t.value))}},d.addEventListener("message",d.wp.receiveEmbedMessage,!1),l.addEventListener("DOMContentLoaded",function(){for(var e,t,s=l.querySelectorAll("iframe.wp-embedded-content"),r=0;r<s.length;r++)(t=(e=s[r]).getAttribute("data-secret"))||(t=Math.random().toString(36).substring(2,12),e.src+="#?secret="+t,e.setAttribute("data-secret",t)),e.contentWindow.postMessage({message:"ready",secret:t},"*")},!1)))}(window,document);
//# sourceURL=https://www.anovapeneira.gal/wp-includes/js/wp-embed.min.js
/* ]]> */
</script>

Hai, desde xa moito tempo, unha indixencia de saberes na política que se presenta asombrosa. Parece ser que aquela xente que nos representa, envolta en mil discursos, despois goberna en contra de nós e tal como lle peta. Non sei se é a súa apetencia de favores, ben remunerados, quizais un modo de comportamento suicida que nos agonía, ou ansias de domear desde o poleiro con certa prepotencia globalizadora
