{"version":"1.0","provider_name":"","provider_url":"https:\/\/www.anovapeneira.gal","author_name":"admin","author_url":"https:\/\/www.anovapeneira.gal\/index.php\/author\/admin\/","title":"Rogelio Est\u00e9vez Cambra na memoria de Salvaterra -","type":"rich","width":600,"height":338,"html":"<blockquote class=\"wp-embedded-content\" data-secret=\"sQJ2F0PGdt\"><a href=\"https:\/\/www.anovapeneira.gal\/index.php\/2021\/05\/24\/rogelio-estevez-cambra-na-memoria-de-salvaterra\/\">Rogelio Est\u00e9vez Cambra na memoria de Salvaterra<\/a><\/blockquote><iframe sandbox=\"allow-scripts\" security=\"restricted\" src=\"https:\/\/www.anovapeneira.gal\/index.php\/2021\/05\/24\/rogelio-estevez-cambra-na-memoria-de-salvaterra\/embed\/#?secret=sQJ2F0PGdt\" width=\"600\" height=\"338\" title=\"&#8220;Rogelio Est\u00e9vez Cambra na memoria de Salvaterra&#8221; &#8212; \" data-secret=\"sQJ2F0PGdt\" frameborder=\"0\" marginwidth=\"0\" marginheight=\"0\" scrolling=\"no\" class=\"wp-embedded-content\"><\/iframe><script type=\"text\/javascript\">\n\/* <![CDATA[ *\/\n\/*! This file is auto-generated *\/\n!function(d,l){\"use strict\";l.querySelector&&d.addEventListener&&\"undefined\"!=typeof URL&&(d.wp=d.wp||{},d.wp.receiveEmbedMessage||(d.wp.receiveEmbedMessage=function(e){var t=e.data;if((t||t.secret||t.message||t.value)&&!\/[^a-zA-Z0-9]\/.test(t.secret)){for(var s,r,n,a=l.querySelectorAll('iframe[data-secret=\"'+t.secret+'\"]'),o=l.querySelectorAll('blockquote[data-secret=\"'+t.secret+'\"]'),c=new RegExp(\"^https?:$\",\"i\"),i=0;i<o.length;i++)o[i].style.display=\"none\";for(i=0;i<a.length;i++)s=a[i],e.source===s.contentWindow&&(s.removeAttribute(\"style\"),\"height\"===t.message?(1e3<(r=parseInt(t.value,10))?r=1e3:~~r<200&&(r=200),s.height=r):\"link\"===t.message&&(r=new URL(s.getAttribute(\"src\")),n=new URL(t.value),c.test(n.protocol))&&n.host===r.host&&l.activeElement===s&&(d.top.location.href=t.value))}},d.addEventListener(\"message\",d.wp.receiveEmbedMessage,!1),l.addEventListener(\"DOMContentLoaded\",function(){for(var e,t,s=l.querySelectorAll(\"iframe.wp-embedded-content\"),r=0;r<s.length;r++)(t=(e=s[r]).getAttribute(\"data-secret\"))||(t=Math.random().toString(36).substring(2,12),e.src+=\"#?secret=\"+t,e.setAttribute(\"data-secret\",t)),e.contentWindow.postMessage({message:\"ready\",secret:t},\"*\")},!1)))}(window,document);\n\/\/# sourceURL=https:\/\/www.anovapeneira.gal\/wp-includes\/js\/wp-embed.min.js\n\/* ]]> *\/\n<\/script>\n","thumbnail_url":"https:\/\/www.anovapeneira.gal\/wp-content\/uploads\/2019\/07\/ARTIGO_DE_OPINION_A_NOVA_PENEIRA.jpg","thumbnail_width":720,"thumbnail_height":473,"description":"Hai uns d\u00edas, mercando na carnicer\u00eda de Fita Carrera, Salvaterra, cadrei con dous veci\u00f1os de Fornelos da Ribeira, (a nai de Fita tam\u00e9n \u00e9 desa parroquia). Comezamos falando da apenas iniciada e nunca acabada ponte entre esa parroquia e a pontare\u00e1 Nogueira, acabamos falando de Don Rogelio Est\u00e9vez Cambra, egrexio fillo desa fregues\u00eda. O caso \u00e9 que ningu\u00e9n dos presentes co\u00f1ec\u00eda ese persoeiro, iso animoume a facer este pequeno traballo."}

Rogelio Estévez Cambra na memoria de Salvaterra -

<blockquote class="wp-embedded-content" data-secret="sQJ2F0PGdt"><a href="https://www.anovapeneira.gal/index.php/2021/05/24/rogelio-estevez-cambra-na-memoria-de-salvaterra/">Rogelio Estévez Cambra na memoria de Salvaterra</a></blockquote><iframe sandbox="allow-scripts" security="restricted" src="https://www.anovapeneira.gal/index.php/2021/05/24/rogelio-estevez-cambra-na-memoria-de-salvaterra/embed/#?secret=sQJ2F0PGdt" width="600" height="338" title="&#8220;Rogelio Estévez Cambra na memoria de Salvaterra&#8221; &#8212; " data-secret="sQJ2F0PGdt" frameborder="0" marginwidth="0" marginheight="0" scrolling="no" class="wp-embedded-content"></iframe><script type="text/javascript">
/* <![CDATA[ */
/*! This file is auto-generated */
!function(d,l){"use strict";l.querySelector&&d.addEventListener&&"undefined"!=typeof URL&&(d.wp=d.wp||{},d.wp.receiveEmbedMessage||(d.wp.receiveEmbedMessage=function(e){var t=e.data;if((t||t.secret||t.message||t.value)&&!/[^a-zA-Z0-9]/.test(t.secret)){for(var s,r,n,a=l.querySelectorAll('iframe[data-secret="'+t.secret+'"]'),o=l.querySelectorAll('blockquote[data-secret="'+t.secret+'"]'),c=new RegExp("^https?:$","i"),i=0;i<o.length;i++)o[i].style.display="none";for(i=0;i<a.length;i++)s=a[i],e.source===s.contentWindow&&(s.removeAttribute("style"),"height"===t.message?(1e3<(r=parseInt(t.value,10))?r=1e3:~~r<200&&(r=200),s.height=r):"link"===t.message&&(r=new URL(s.getAttribute("src")),n=new URL(t.value),c.test(n.protocol))&&n.host===r.host&&l.activeElement===s&&(d.top.location.href=t.value))}},d.addEventListener("message",d.wp.receiveEmbedMessage,!1),l.addEventListener("DOMContentLoaded",function(){for(var e,t,s=l.querySelectorAll("iframe.wp-embedded-content"),r=0;r<s.length;r++)(t=(e=s[r]).getAttribute("data-secret"))||(t=Math.random().toString(36).substring(2,12),e.src+="#?secret="+t,e.setAttribute("data-secret",t)),e.contentWindow.postMessage({message:"ready",secret:t},"*")},!1)))}(window,document);
//# sourceURL=https://www.anovapeneira.gal/wp-includes/js/wp-embed.min.js
/* ]]> */
</script>

Hai uns días, mercando na carnicería de Fita Carrera, Salvaterra, cadrei con dous veciños de Fornelos da Ribeira, (a nai de Fita tamén é desa parroquia). Comezamos falando da apenas iniciada e nunca acabada ponte entre esa parroquia e a pontareá Nogueira, acabamos falando de Don Rogelio Estévez Cambra, egrexio fillo desa freguesía. O caso é que ninguén dos presentes coñecía ese persoeiro, iso animoume a facer este pequeno traballo.
