{"version":"1.0","provider_name":"","provider_url":"https:\/\/www.anovapeneira.gal","author_name":"Artigos Opini\u00f3n","author_url":"https:\/\/www.anovapeneira.gal\/index.php\/author\/artigosopinion\/","title":"Pequena historia familiar dun cartel de Castelao -","type":"rich","width":600,"height":338,"html":"<blockquote class=\"wp-embedded-content\" data-secret=\"EOivnvBgx4\"><a href=\"https:\/\/www.anovapeneira.gal\/index.php\/2021\/05\/27\/pequena-historia-familiar-dun-cartel-de-castelao\/\">Pequena historia familiar dun cartel de Castelao<\/a><\/blockquote><iframe sandbox=\"allow-scripts\" security=\"restricted\" src=\"https:\/\/www.anovapeneira.gal\/index.php\/2021\/05\/27\/pequena-historia-familiar-dun-cartel-de-castelao\/embed\/#?secret=EOivnvBgx4\" width=\"600\" height=\"338\" title=\"&#8220;Pequena historia familiar dun cartel de Castelao&#8221; &#8212; \" data-secret=\"EOivnvBgx4\" frameborder=\"0\" marginwidth=\"0\" marginheight=\"0\" scrolling=\"no\" class=\"wp-embedded-content\"><\/iframe><script type=\"text\/javascript\">\n\/* <![CDATA[ *\/\n\/*! This file is auto-generated *\/\n!function(d,l){\"use strict\";l.querySelector&&d.addEventListener&&\"undefined\"!=typeof URL&&(d.wp=d.wp||{},d.wp.receiveEmbedMessage||(d.wp.receiveEmbedMessage=function(e){var t=e.data;if((t||t.secret||t.message||t.value)&&!\/[^a-zA-Z0-9]\/.test(t.secret)){for(var s,r,n,a=l.querySelectorAll('iframe[data-secret=\"'+t.secret+'\"]'),o=l.querySelectorAll('blockquote[data-secret=\"'+t.secret+'\"]'),c=new RegExp(\"^https?:$\",\"i\"),i=0;i<o.length;i++)o[i].style.display=\"none\";for(i=0;i<a.length;i++)s=a[i],e.source===s.contentWindow&&(s.removeAttribute(\"style\"),\"height\"===t.message?(1e3<(r=parseInt(t.value,10))?r=1e3:~~r<200&&(r=200),s.height=r):\"link\"===t.message&&(r=new URL(s.getAttribute(\"src\")),n=new URL(t.value),c.test(n.protocol))&&n.host===r.host&&l.activeElement===s&&(d.top.location.href=t.value))}},d.addEventListener(\"message\",d.wp.receiveEmbedMessage,!1),l.addEventListener(\"DOMContentLoaded\",function(){for(var e,t,s=l.querySelectorAll(\"iframe.wp-embedded-content\"),r=0;r<s.length;r++)(t=(e=s[r]).getAttribute(\"data-secret\"))||(t=Math.random().toString(36).substring(2,12),e.src+=\"#?secret=\"+t,e.setAttribute(\"data-secret\",t)),e.contentWindow.postMessage({message:\"ready\",secret:t},\"*\")},!1)))}(window,document);\n\/\/# sourceURL=https:\/\/www.anovapeneira.gal\/wp-includes\/js\/wp-embed.min.js\n\/* ]]> *\/\n<\/script>\n","thumbnail_url":"https:\/\/www.anovapeneira.gal\/wp-content\/uploads\/2021\/05\/cartel_de_castelao.jpg","thumbnail_width":720,"thumbnail_height":432,"description":"Creo que ti\u00f1a o t\u00edtulo xeral de Meu Pontevedra. Era a mostra antol\u00f3xica sobre Castelao que puiden visitar en 2016 en compa\u00f1\u00eda de C\u00e9sar Portela, nas instalaci\u00f3ns do Museo de Pontevedra, \u00e1 beira do L\u00e9rez. No percorrido polas distintas salas, puidemos darnos conta e disfrutar da calidade extraordinaria daquela exposici\u00f3n."}

Artigos Opinión

Creo que tiña o título xeral de Meu Pontevedra. Era a mostra antolóxica sobre Castelao que puiden visitar en 2016 en compañía de César Portela, nas instalacións do Museo de Pontevedra, á beira do Lérez. No percorrido polas distintas salas, puidemos darnos conta e disfrutar da calidade extraordinaria daquela exposición.
