{"version":"1.0","provider_name":"","provider_url":"https:\/\/www.anovapeneira.gal","author_name":"Rub\u00e9n Cela","author_url":"https:\/\/www.anovapeneira.gal\/index.php\/author\/ruben-cela\/","title":"Da inflaci\u00f3n \u00e1 estaflaci\u00f3n -","type":"rich","width":600,"height":338,"html":"<blockquote class=\"wp-embedded-content\" data-secret=\"NgeZx9Yil9\"><a href=\"https:\/\/www.anovapeneira.gal\/index.php\/2022\/10\/27\/da-inflacion-a-estaflacion\/\">Da inflaci\u00f3n \u00e1 estaflaci\u00f3n<\/a><\/blockquote><iframe sandbox=\"allow-scripts\" security=\"restricted\" src=\"https:\/\/www.anovapeneira.gal\/index.php\/2022\/10\/27\/da-inflacion-a-estaflacion\/embed\/#?secret=NgeZx9Yil9\" width=\"600\" height=\"338\" title=\"&#8220;Da inflaci\u00f3n \u00e1 estaflaci\u00f3n&#8221; &#8212; \" data-secret=\"NgeZx9Yil9\" frameborder=\"0\" marginwidth=\"0\" marginheight=\"0\" scrolling=\"no\" class=\"wp-embedded-content\"><\/iframe><script type=\"text\/javascript\">\n\/* <![CDATA[ *\/\n\/*! This file is auto-generated *\/\n!function(d,l){\"use strict\";l.querySelector&&d.addEventListener&&\"undefined\"!=typeof URL&&(d.wp=d.wp||{},d.wp.receiveEmbedMessage||(d.wp.receiveEmbedMessage=function(e){var t=e.data;if((t||t.secret||t.message||t.value)&&!\/[^a-zA-Z0-9]\/.test(t.secret)){for(var s,r,n,a=l.querySelectorAll('iframe[data-secret=\"'+t.secret+'\"]'),o=l.querySelectorAll('blockquote[data-secret=\"'+t.secret+'\"]'),c=new RegExp(\"^https?:$\",\"i\"),i=0;i<o.length;i++)o[i].style.display=\"none\";for(i=0;i<a.length;i++)s=a[i],e.source===s.contentWindow&&(s.removeAttribute(\"style\"),\"height\"===t.message?(1e3<(r=parseInt(t.value,10))?r=1e3:~~r<200&&(r=200),s.height=r):\"link\"===t.message&&(r=new URL(s.getAttribute(\"src\")),n=new URL(t.value),c.test(n.protocol))&&n.host===r.host&&l.activeElement===s&&(d.top.location.href=t.value))}},d.addEventListener(\"message\",d.wp.receiveEmbedMessage,!1),l.addEventListener(\"DOMContentLoaded\",function(){for(var e,t,s=l.querySelectorAll(\"iframe.wp-embedded-content\"),r=0;r<s.length;r++)(t=(e=s[r]).getAttribute(\"data-secret\"))||(t=Math.random().toString(36).substring(2,12),e.src+=\"#?secret=\"+t,e.setAttribute(\"data-secret\",t)),e.contentWindow.postMessage({message:\"ready\",secret:t},\"*\")},!1)))}(window,document);\n\/\/# sourceURL=https:\/\/www.anovapeneira.gal\/wp-includes\/js\/wp-embed.min.js\n\/* ]]> *\/\n<\/script>\n","thumbnail_url":"https:\/\/www.anovapeneira.gal\/wp-content\/uploads\/2019\/07\/ARTIGO_DE_OPINION_A_NOVA_PENEIRA.jpg","thumbnail_width":720,"thumbnail_height":473,"description":"A actual crise de prezos non \u00e9 un problema conxuntural na UE, sen\u00f3n que \u00e9 xa un problema estrutural da econom\u00eda da eurozona. Os \u00faltimos datos de Eurostat referidos ao mes de setembro non deixan lugar a d\u00fabida: un 10% de inflaci\u00f3n interanual na eurozona (a maior suba de prezos de toda a serie hist\u00f3rica) e unha inflaci\u00f3n subxacente (a que excl\u00fae enerx\u00eda e produtos frescos) que se situou na tam\u00e9n cifra r\u00e9cord do 4,8%"}

Rubén Cela

Da inflación á estaflación -

<blockquote class="wp-embedded-content" data-secret="NgeZx9Yil9"><a href="https://www.anovapeneira.gal/index.php/2022/10/27/da-inflacion-a-estaflacion/">Da inflación á estaflación</a></blockquote><iframe sandbox="allow-scripts" security="restricted" src="https://www.anovapeneira.gal/index.php/2022/10/27/da-inflacion-a-estaflacion/embed/#?secret=NgeZx9Yil9" width="600" height="338" title="&#8220;Da inflación á estaflación&#8221; &#8212; " data-secret="NgeZx9Yil9" frameborder="0" marginwidth="0" marginheight="0" scrolling="no" class="wp-embedded-content"></iframe><script type="text/javascript">
/* <![CDATA[ */
/*! This file is auto-generated */
!function(d,l){"use strict";l.querySelector&&d.addEventListener&&"undefined"!=typeof URL&&(d.wp=d.wp||{},d.wp.receiveEmbedMessage||(d.wp.receiveEmbedMessage=function(e){var t=e.data;if((t||t.secret||t.message||t.value)&&!/[^a-zA-Z0-9]/.test(t.secret)){for(var s,r,n,a=l.querySelectorAll('iframe[data-secret="'+t.secret+'"]'),o=l.querySelectorAll('blockquote[data-secret="'+t.secret+'"]'),c=new RegExp("^https?:$","i"),i=0;i<o.length;i++)o[i].style.display="none";for(i=0;i<a.length;i++)s=a[i],e.source===s.contentWindow&&(s.removeAttribute("style"),"height"===t.message?(1e3<(r=parseInt(t.value,10))?r=1e3:~~r<200&&(r=200),s.height=r):"link"===t.message&&(r=new URL(s.getAttribute("src")),n=new URL(t.value),c.test(n.protocol))&&n.host===r.host&&l.activeElement===s&&(d.top.location.href=t.value))}},d.addEventListener("message",d.wp.receiveEmbedMessage,!1),l.addEventListener("DOMContentLoaded",function(){for(var e,t,s=l.querySelectorAll("iframe.wp-embedded-content"),r=0;r<s.length;r++)(t=(e=s[r]).getAttribute("data-secret"))||(t=Math.random().toString(36).substring(2,12),e.src+="#?secret="+t,e.setAttribute("data-secret",t)),e.contentWindow.postMessage({message:"ready",secret:t},"*")},!1)))}(window,document);
//# sourceURL=https://www.anovapeneira.gal/wp-includes/js/wp-embed.min.js
/* ]]> */
</script>

A actual crise de prezos non é un problema conxuntural na UE, senón que é xa un problema estrutural da economía da eurozona. Os últimos datos de Eurostat referidos ao mes de setembro non deixan lugar a dúbida: un 10% de inflación interanual na eurozona (a maior suba de prezos de toda a serie histórica) e unha inflación subxacente (a que exclúe enerxía e produtos frescos) que se situou na tamén cifra récord do 4,8%
