{"version":"1.0","provider_name":"","provider_url":"https:\/\/www.anovapeneira.gal","author_name":"Manuel Alfonso Est\u00e9vez","author_url":"https:\/\/www.anovapeneira.gal\/index.php\/author\/manuelalfonso\/","title":"A casa da cultura de Fornelos da Ribeira -","type":"rich","width":600,"height":338,"html":"<blockquote class=\"wp-embedded-content\" data-secret=\"Iwakb4P4oB\"><a href=\"https:\/\/www.anovapeneira.gal\/index.php\/2023\/09\/28\/a-casa-da-cultura-de-fornelos-da-ribeira\/\">A casa da cultura de Fornelos da Ribeira<\/a><\/blockquote><iframe sandbox=\"allow-scripts\" security=\"restricted\" src=\"https:\/\/www.anovapeneira.gal\/index.php\/2023\/09\/28\/a-casa-da-cultura-de-fornelos-da-ribeira\/embed\/#?secret=Iwakb4P4oB\" width=\"600\" height=\"338\" title=\"&#8220;A casa da cultura de Fornelos da Ribeira&#8221; &#8212; \" data-secret=\"Iwakb4P4oB\" frameborder=\"0\" marginwidth=\"0\" marginheight=\"0\" scrolling=\"no\" class=\"wp-embedded-content\"><\/iframe><script type=\"text\/javascript\">\n\/* <![CDATA[ *\/\n\/*! This file is auto-generated *\/\n!function(d,l){\"use strict\";l.querySelector&&d.addEventListener&&\"undefined\"!=typeof URL&&(d.wp=d.wp||{},d.wp.receiveEmbedMessage||(d.wp.receiveEmbedMessage=function(e){var t=e.data;if((t||t.secret||t.message||t.value)&&!\/[^a-zA-Z0-9]\/.test(t.secret)){for(var s,r,n,a=l.querySelectorAll('iframe[data-secret=\"'+t.secret+'\"]'),o=l.querySelectorAll('blockquote[data-secret=\"'+t.secret+'\"]'),c=new RegExp(\"^https?:$\",\"i\"),i=0;i<o.length;i++)o[i].style.display=\"none\";for(i=0;i<a.length;i++)s=a[i],e.source===s.contentWindow&&(s.removeAttribute(\"style\"),\"height\"===t.message?(1e3<(r=parseInt(t.value,10))?r=1e3:~~r<200&&(r=200),s.height=r):\"link\"===t.message&&(r=new URL(s.getAttribute(\"src\")),n=new URL(t.value),c.test(n.protocol))&&n.host===r.host&&l.activeElement===s&&(d.top.location.href=t.value))}},d.addEventListener(\"message\",d.wp.receiveEmbedMessage,!1),l.addEventListener(\"DOMContentLoaded\",function(){for(var e,t,s=l.querySelectorAll(\"iframe.wp-embedded-content\"),r=0;r<s.length;r++)(t=(e=s[r]).getAttribute(\"data-secret\"))||(t=Math.random().toString(36).substring(2,12),e.src+=\"#?secret=\"+t,e.setAttribute(\"data-secret\",t)),e.contentWindow.postMessage({message:\"ready\",secret:t},\"*\")},!1)))}(window,document);\n\/\/# sourceURL=https:\/\/www.anovapeneira.gal\/wp-includes\/js\/wp-embed.min.js\n\/* ]]> *\/\n<\/script>\n","thumbnail_url":"https:\/\/www.anovapeneira.gal\/wp-content\/uploads\/2021\/03\/manuel_alfonso_estevez.jpg","thumbnail_width":720,"thumbnail_height":432,"description":"Estes d\u00edas lendo A Nova Peneira, \u00a1A Nosa! A rehabilitaci\u00f3n do antigo Centro Social, do Sindicato \u201cEl Progreso\u201d, incendiado por mandato dun fillo de Fornelos da brigada pol\u00edtico social, daquel triste momento da nosa historia, hoxe ben poder\u00eda converterse en A Casa Da Cultura de Fornelos da Ribeira, recollendo as diversas asociaci\u00f3ns sociais da parroquia civil e relixiosamente falando"}

Manuel Alfonso Estévez

Estes días lendo A Nova Peneira, ¡A Nosa! A rehabilitación do antigo Centro Social, do Sindicato “El Progreso”, incendiado por mandato dun fillo de Fornelos da brigada político social, daquel triste momento da nosa historia, hoxe ben podería converterse en A Casa Da Cultura de Fornelos da Ribeira, recollendo as diversas asociacións sociais da parroquia civil e relixiosamente falando
