{"version":"1.0","provider_name":"","provider_url":"https:\/\/www.anovapeneira.gal","author_name":"Tino Lago","author_url":"https:\/\/www.anovapeneira.gal\/index.php\/author\/director\/","title":"O futuro do nacionalismo galego -","type":"rich","width":600,"height":338,"html":"<blockquote class=\"wp-embedded-content\" data-secret=\"tau8XxJv6i\"><a href=\"https:\/\/www.anovapeneira.gal\/index.php\/2026\/04\/15\/o-futuro-do-nacionalismo-galego\/\">O futuro do nacionalismo galego<\/a><\/blockquote><iframe sandbox=\"allow-scripts\" security=\"restricted\" src=\"https:\/\/www.anovapeneira.gal\/index.php\/2026\/04\/15\/o-futuro-do-nacionalismo-galego\/embed\/#?secret=tau8XxJv6i\" width=\"600\" height=\"338\" title=\"&#8220;O futuro do nacionalismo galego&#8221; &#8212; \" data-secret=\"tau8XxJv6i\" frameborder=\"0\" marginwidth=\"0\" marginheight=\"0\" scrolling=\"no\" class=\"wp-embedded-content\"><\/iframe><script type=\"text\/javascript\">\n\/* <![CDATA[ *\/\n\/*! This file is auto-generated *\/\n!function(d,l){\"use strict\";l.querySelector&&d.addEventListener&&\"undefined\"!=typeof URL&&(d.wp=d.wp||{},d.wp.receiveEmbedMessage||(d.wp.receiveEmbedMessage=function(e){var t=e.data;if((t||t.secret||t.message||t.value)&&!\/[^a-zA-Z0-9]\/.test(t.secret)){for(var s,r,n,a=l.querySelectorAll('iframe[data-secret=\"'+t.secret+'\"]'),o=l.querySelectorAll('blockquote[data-secret=\"'+t.secret+'\"]'),c=new RegExp(\"^https?:$\",\"i\"),i=0;i<o.length;i++)o[i].style.display=\"none\";for(i=0;i<a.length;i++)s=a[i],e.source===s.contentWindow&&(s.removeAttribute(\"style\"),\"height\"===t.message?(1e3<(r=parseInt(t.value,10))?r=1e3:~~r<200&&(r=200),s.height=r):\"link\"===t.message&&(r=new URL(s.getAttribute(\"src\")),n=new URL(t.value),c.test(n.protocol))&&n.host===r.host&&l.activeElement===s&&(d.top.location.href=t.value))}},d.addEventListener(\"message\",d.wp.receiveEmbedMessage,!1),l.addEventListener(\"DOMContentLoaded\",function(){for(var e,t,s=l.querySelectorAll(\"iframe.wp-embedded-content\"),r=0;r<s.length;r++)(t=(e=s[r]).getAttribute(\"data-secret\"))||(t=Math.random().toString(36).substring(2,12),e.src+=\"#?secret=\"+t,e.setAttribute(\"data-secret\",t)),e.contentWindow.postMessage({message:\"ready\",secret:t},\"*\")},!1)))}(window,document);\n\/\/# sourceURL=https:\/\/www.anovapeneira.gal\/wp-includes\/js\/wp-embed.min.js\n\/* ]]> *\/\n<\/script>\n","thumbnail_url":"https:\/\/www.anovapeneira.gal\/wp-content\/uploads\/2020\/12\/Bandeira_galega_civil.jpg","thumbnail_width":720,"thumbnail_height":432,"description":"\u00c1s veces preg\u00fantanme por que son nacionalista. Quen o fai adoitan ser persoas que, mediatizadas pola propaganda espa\u00f1olista, consideran, en forma de apriorismo, non como resultado dun proceso de reflexi\u00f3n previo, de maneira negativa, ou incluso moi negativa, aos nacionalismos galego, vasco ou catal\u00e1n"}

Ás veces pregúntanme por que son nacionalista. Quen o fai adoitan ser persoas que, mediatizadas pola propaganda españolista, consideran, en forma de apriorismo, non como resultado dun proceso de reflexión previo, de maneira negativa, ou incluso moi negativa, aos nacionalismos galego, vasco ou catalán
