{"id":3,"date":"2019-05-30T15:47:18","date_gmt":"2019-05-30T13:47:18","guid":{"rendered":"http:\/\/www.anovapeneira.gal\/?page_id=3"},"modified":"2019-07-15T23:17:29","modified_gmt":"2019-07-15T21:17:29","slug":"politica-privacidad","status":"publish","type":"page","link":"https:\/\/www.anovapeneira.gal\/index.php\/politica-privacidad\/","title":{"rendered":"Pol\u00edtica de privacidade"},"content":{"rendered":"\n<h2 class=\"wp-block-heading\">Qu\u00e9nes somos<\/h2>\n\n\n\n<p>a direcci\u00f3n da nosa web \u00e9: http:\/\/www.anovapeneira.gal.<\/p>\n\n\n\n<h2 class=\"wp-block-heading\">Que datos persoais recollemos e por que os recollemos<\/h2>\n\n\n\n<h3 class=\"wp-block-heading\">Comentarios<\/h3>\n\n\n\n<p>Cando os visitantes deixan comentarios na web, recompilamos os datos que se mostran no formulario de comentarios, as\u00ed como a direcci\u00f3n IP do visitante e a cadea de axentes de usuario do navegador para axudar \u00e1 detecci\u00f3n de  spam.<\/p>\n\n\n\n<p>Unha cadea an\u00f3nima creada a partir da t\u00faa direcci\u00f3n de correo electr\u00f3nico (tam\u00e9n chamada  hash) pode ser proporcionada ao servizo de  Gravatar para ver se a est\u00e1s usando. A pol\u00edtica de privacidade do servizo  Gravatar est\u00e1 dispo\u00f1ible aqu\u00ed:  https:\/\/ automattic. com\/ privacy\/. Despois da aprobaci\u00f3n do teu comentario, a imaxe do teu perfil \u00e9 visible para o p\u00fablico no contexto do seu comentario.<\/p>\n\n\n\n<h3 class=\"wp-block-heading\">Medios<\/h3>\n\n\n\n<p>Se sobes imaxes \u00e1 web deber\u00edas evitar subir imaxes con datos de localizaci\u00f3n ( GPS  EXIF) inclu\u00eddos. Os visitantes da web poden descargar e extraer calquera dato de localizaci\u00f3n das imaxes da web.<\/p>\n\n\n\n<h3 class=\"wp-block-heading\">Cookies<\/h3>\n\n\n\n<p>Se deixas un comentario no noso sitio podes elixir gardar o teu nome, direcci\u00f3n de correo electr\u00f3nico e web en  cookies. Isto \u00e9 para a t\u00faa comodidade, para que non te\u00f1as que volver encher os teus datos cando deixes outro comentario. Estas  cookies ter\u00e1n unha duraci\u00f3n dun ano.<\/p>\n\n\n\n<p>Se tes unha conta e con\u00e9ctasche a este sitio, instalaremos unha  cookie temporal para determinar se o teu navegador acepta  cookies. Esta  cookie non cont\u00e9n datos persoais e elim\u00ednase ao pechar o navegador.<\/p>\n\n\n\n<p>Cando inicias sesi\u00f3n, tam\u00e9n instalaremos varias  cookies para gardar a t\u00faa informaci\u00f3n de inicio de sesi\u00f3n e as t\u00faas opci\u00f3ns de visualizaci\u00f3n de pantalla. As  cookies de inicio de sesi\u00f3n duran dous d\u00edas, e as  cookies de opci\u00f3ns de pantalla duran un ano. Se seleccionas &#8220;Lembrarme&#8221;, o teu inicio de sesi\u00f3n perdurar\u00e1 durante d\u00faas semanas. Se salgues da t\u00faa conta, as  cookies de inicio de sesi\u00f3n eliminaranse.<\/p>\n\n\n\n<p>Se editas ou publicas un artigo gardarase unha  cookie adicional no teu navegador. Esta  cookie non incl\u00fae datos persoais e simplemente indica o IDE do artigo que acabas de editar. Caduca despois de 1 d\u00eda.<\/p>\n\n\n\n<h3 class=\"wp-block-heading\">Contido incrustado doutros sitios web<\/h3>\n\n\n\n<p>Os artigos deste sitio poden inclu\u00edr contido incrustado (por exemplo, v\u00eddeos, imaxes, artigos, etc.). O contido incrustado doutras web comp\u00f3rtase exactamente da mesma maneira que se o visitante visitase a outra web.<\/p>\n\n\n\n<p>Esta web pode recompilar datos sobre ti, utilizar  cookies, incrustar un seguimento adicional de terceiros, e supervisar a t\u00faa interacci\u00f3n con ese contido incrustado, inclu\u00eddo o seguimento da t\u00faa interacci\u00f3n co contido incrustado se tes unha conta e est\u00e1s conectado a esa web<\/p>\n\n\n\n<h3 class=\"wp-block-heading\"><br><\/h3>\n\n\n\n<h2 class=\"wp-block-heading\">Canto tempo conservamos os teus datos<\/h2>\n\n\n\n<p>Se deixas un comentario, o comentario e os seus metadatos cons\u00e9rvanse indefinidamente. Isto \u00e9 para que podamos reco\u00f1ecer e aprobar comentarios sucesivos automaticamente en lugar de mantelos nunha cola de moderaci\u00f3n.<\/p>\n\n\n\n<p>Das persoas usuarias que se rexistran na nosa web, tam\u00e9n almacenamos a informaci\u00f3n persoal que proporcionan no seu perfil. Todas as personas usuarias poden ver, editar ou eliminar a s\u00faa informaci\u00f3n persoal en calquera momento (ag\u00e1s que non poden cambiar o seu nome de usuario). Os administradores da web tam\u00e9n poden ver e editar esa informaci\u00f3n.<\/p>\n\n\n\n<h2 class=\"wp-block-heading\">Que dereitos tes sobre os teus datos<\/h2>\n\n\n\n<p>Se tes unha conta ou deixaches comentarios nesta web, podes solicitar recibir un arquivo de exportaci\u00f3n dos datos persoais que temos sobre ti, inclu\u00edndo calquera dato que nos proporcionaras. Tam\u00e9n podes solicitar que eliminemos calquera dato persoal que te\u00f1amos sobre ti. Isto non incl\u00fae ning\u00fan dato que esteamos obrigados a conservar con fins administrativos, legais ou de seguridade.<\/p>\n\n\n\n<h2 class=\"wp-block-heading\">Onde enviamos os teus datos<\/h2>\n\n\n\n<p>Os comentarios dos visitantes poida que rev\u00edseos un servizo de detecci\u00f3n autom\u00e1tica de  spam.<\/p>\n\n\n\n<h3 class=\"wp-block-heading\"><br><\/h3>\n","protected":false},"excerpt":{"rendered":"<div class=\"mh-excerpt\"><p>Qu\u00e9nes somos a direcci\u00f3n da nosa web \u00e9: http:\/\/www.anovapeneira.gal. Que datos persoais recollemos e por que os recollemos Comentarios Cando os visitantes deixan comentarios na web, recompilamos os datos que se mostran no formulario de <a class=\"mh-excerpt-more\" href=\"https:\/\/www.anovapeneira.gal\/index.php\/politica-privacidad\/\" title=\"Pol\u00edtica de privacidade\">[&#8230;]<\/a><\/p>\n<\/div>","protected":false},"author":1,"featured_media":0,"parent":0,"menu_order":0,"comment_status":"closed","ping_status":"open","template":"template-contact.php","meta":{"_exactmetrics_skip_tracking":false,"_exactmetrics_sitenote_active":false,"_exactmetrics_sitenote_note":"","_exactmetrics_sitenote_category":0,"footnotes":""},"class_list":["post-3","page","type-page","status-publish"],"yoast_head":"<!-- This site is optimized with the Yoast SEO plugin v27.4 - https:\/\/yoast.com\/product\/yoast-seo-wordpress\/ -->\n<title>Pol\u00edtica de privacidade -<\/title>\n<meta name=\"robots\" content=\"index, follow, max-snippet:-1, max-image-preview:large, max-video-preview:-1\" \/>\n<link rel=\"canonical\" href=\"https:\/\/www.anovapeneira.gal\/index.php\/politica-privacidad\/\" \/>\n<meta property=\"og:locale\" content=\"gl_ES\" \/>\n<meta property=\"og:type\" content=\"article\" \/>\n<meta property=\"og:title\" content=\"Pol\u00edtica de privacidade -\" \/>\n<meta property=\"og:description\" content=\"Qu\u00e9nes somos a direcci\u00f3n da nosa web \u00e9: http:\/\/www.anovapeneira.gal. Que datos persoais recollemos e por que os recollemos Comentarios Cando os visitantes deixan comentarios na web, recompilamos os datos que se mostran no formulario de [...]\" \/>\n<meta property=\"og:url\" content=\"https:\/\/www.anovapeneira.gal\/index.php\/politica-privacidad\/\" \/>\n<meta property=\"article:publisher\" content=\"https:\/\/www.facebook.com\/anovapeneira\" \/>\n<meta property=\"article:modified_time\" content=\"2019-07-15T21:17:29+00:00\" \/>\n<meta name=\"twitter:card\" content=\"summary_large_image\" \/>\n<meta name=\"twitter:site\" content=\"@APeneira\" \/>\n<meta name=\"twitter:label1\" content=\"Tempo de lectura\" \/>\n\t<meta name=\"twitter:data1\" content=\"3 minutos\" \/>\n<script type=\"application\/ld+json\" class=\"yoast-schema-graph\">{\"@context\":\"https:\\\/\\\/schema.org\",\"@graph\":[{\"@type\":\"WebPage\",\"@id\":\"https:\\\/\\\/www.anovapeneira.gal\\\/index.php\\\/politica-privacidad\\\/\",\"url\":\"https:\\\/\\\/www.anovapeneira.gal\\\/index.php\\\/politica-privacidad\\\/\",\"name\":\"Pol\u00edtica de privacidade -\",\"isPartOf\":{\"@id\":\"https:\\\/\\\/www.anovapeneira.gal\\\/#website\"},\"datePublished\":\"2019-05-30T13:47:18+00:00\",\"dateModified\":\"2019-07-15T21:17:29+00:00\",\"breadcrumb\":{\"@id\":\"https:\\\/\\\/www.anovapeneira.gal\\\/index.php\\\/politica-privacidad\\\/#breadcrumb\"},\"inLanguage\":\"gl-ES\",\"potentialAction\":[{\"@type\":\"ReadAction\",\"target\":[\"https:\\\/\\\/www.anovapeneira.gal\\\/index.php\\\/politica-privacidad\\\/\"]}]},{\"@type\":\"BreadcrumbList\",\"@id\":\"https:\\\/\\\/www.anovapeneira.gal\\\/index.php\\\/politica-privacidad\\\/#breadcrumb\",\"itemListElement\":[{\"@type\":\"ListItem\",\"position\":1,\"name\":\"Portada\",\"item\":\"https:\\\/\\\/www.anovapeneira.gal\\\/\"},{\"@type\":\"ListItem\",\"position\":2,\"name\":\"Pol\u00edtica de privacidade\"}]},{\"@type\":\"WebSite\",\"@id\":\"https:\\\/\\\/www.anovapeneira.gal\\\/#website\",\"url\":\"https:\\\/\\\/www.anovapeneira.gal\\\/\",\"name\":\"\",\"description\":\"Xornal galego de informaci\u00f3n xeral Publicaci\u00f3n mensual de novas de Galicia e en especial dos Concellos da sur da provincia de Pontevedra.\",\"publisher\":{\"@id\":\"https:\\\/\\\/www.anovapeneira.gal\\\/#organization\"},\"potentialAction\":[{\"@type\":\"SearchAction\",\"target\":{\"@type\":\"EntryPoint\",\"urlTemplate\":\"https:\\\/\\\/www.anovapeneira.gal\\\/?s={search_term_string}\"},\"query-input\":{\"@type\":\"PropertyValueSpecification\",\"valueRequired\":true,\"valueName\":\"search_term_string\"}}],\"inLanguage\":\"gl-ES\"},{\"@type\":\"Organization\",\"@id\":\"https:\\\/\\\/www.anovapeneira.gal\\\/#organization\",\"name\":\"A Nova Peneira\",\"url\":\"https:\\\/\\\/www.anovapeneira.gal\\\/\",\"logo\":{\"@type\":\"ImageObject\",\"inLanguage\":\"gl-ES\",\"@id\":\"https:\\\/\\\/www.anovapeneira.gal\\\/#\\\/schema\\\/logo\\\/image\\\/\",\"url\":\"http:\\\/\\\/www.anovapeneira.gal\\\/wp-content\\\/uploads\\\/2019\\\/06\\\/logo_a_nova_peneira_portal_web.png\",\"contentUrl\":\"http:\\\/\\\/www.anovapeneira.gal\\\/wp-content\\\/uploads\\\/2019\\\/06\\\/logo_a_nova_peneira_portal_web.png\",\"width\":300,\"height\":100,\"caption\":\"A Nova Peneira\"},\"image\":{\"@id\":\"https:\\\/\\\/www.anovapeneira.gal\\\/#\\\/schema\\\/logo\\\/image\\\/\"},\"sameAs\":[\"https:\\\/\\\/www.facebook.com\\\/anovapeneira\",\"https:\\\/\\\/x.com\\\/APeneira\"]}]}<\/script>\n<!-- \/ Yoast SEO plugin. -->","yoast_head_json":{"title":"Pol\u00edtica de privacidade -","robots":{"index":"index","follow":"follow","max-snippet":"max-snippet:-1","max-image-preview":"max-image-preview:large","max-video-preview":"max-video-preview:-1"},"canonical":"https:\/\/www.anovapeneira.gal\/index.php\/politica-privacidad\/","og_locale":"gl_ES","og_type":"article","og_title":"Pol\u00edtica de privacidade -","og_description":"Qu\u00e9nes somos a direcci\u00f3n da nosa web \u00e9: http:\/\/www.anovapeneira.gal. Que datos persoais recollemos e por que os recollemos Comentarios Cando os visitantes deixan comentarios na web, recompilamos os datos que se mostran no formulario de [...]","og_url":"https:\/\/www.anovapeneira.gal\/index.php\/politica-privacidad\/","article_publisher":"https:\/\/www.facebook.com\/anovapeneira","article_modified_time":"2019-07-15T21:17:29+00:00","twitter_card":"summary_large_image","twitter_site":"@APeneira","twitter_misc":{"Tempo de lectura":"3 minutos"},"schema":{"@context":"https:\/\/schema.org","@graph":[{"@type":"WebPage","@id":"https:\/\/www.anovapeneira.gal\/index.php\/politica-privacidad\/","url":"https:\/\/www.anovapeneira.gal\/index.php\/politica-privacidad\/","name":"Pol\u00edtica de privacidade -","isPartOf":{"@id":"https:\/\/www.anovapeneira.gal\/#website"},"datePublished":"2019-05-30T13:47:18+00:00","dateModified":"2019-07-15T21:17:29+00:00","breadcrumb":{"@id":"https:\/\/www.anovapeneira.gal\/index.php\/politica-privacidad\/#breadcrumb"},"inLanguage":"gl-ES","potentialAction":[{"@type":"ReadAction","target":["https:\/\/www.anovapeneira.gal\/index.php\/politica-privacidad\/"]}]},{"@type":"BreadcrumbList","@id":"https:\/\/www.anovapeneira.gal\/index.php\/politica-privacidad\/#breadcrumb","itemListElement":[{"@type":"ListItem","position":1,"name":"Portada","item":"https:\/\/www.anovapeneira.gal\/"},{"@type":"ListItem","position":2,"name":"Pol\u00edtica de privacidade"}]},{"@type":"WebSite","@id":"https:\/\/www.anovapeneira.gal\/#website","url":"https:\/\/www.anovapeneira.gal\/","name":"","description":"Xornal galego de informaci\u00f3n xeral Publicaci\u00f3n mensual de novas de Galicia e en especial dos Concellos da sur da provincia de Pontevedra.","publisher":{"@id":"https:\/\/www.anovapeneira.gal\/#organization"},"potentialAction":[{"@type":"SearchAction","target":{"@type":"EntryPoint","urlTemplate":"https:\/\/www.anovapeneira.gal\/?s={search_term_string}"},"query-input":{"@type":"PropertyValueSpecification","valueRequired":true,"valueName":"search_term_string"}}],"inLanguage":"gl-ES"},{"@type":"Organization","@id":"https:\/\/www.anovapeneira.gal\/#organization","name":"A Nova Peneira","url":"https:\/\/www.anovapeneira.gal\/","logo":{"@type":"ImageObject","inLanguage":"gl-ES","@id":"https:\/\/www.anovapeneira.gal\/#\/schema\/logo\/image\/","url":"http:\/\/www.anovapeneira.gal\/wp-content\/uploads\/2019\/06\/logo_a_nova_peneira_portal_web.png","contentUrl":"http:\/\/www.anovapeneira.gal\/wp-content\/uploads\/2019\/06\/logo_a_nova_peneira_portal_web.png","width":300,"height":100,"caption":"A Nova Peneira"},"image":{"@id":"https:\/\/www.anovapeneira.gal\/#\/schema\/logo\/image\/"},"sameAs":["https:\/\/www.facebook.com\/anovapeneira","https:\/\/x.com\/APeneira"]}]}},"_links":{"self":[{"href":"https:\/\/www.anovapeneira.gal\/index.php\/wp-json\/wp\/v2\/pages\/3","targetHints":{"allow":["GET"]}}],"collection":[{"href":"https:\/\/www.anovapeneira.gal\/index.php\/wp-json\/wp\/v2\/pages"}],"about":[{"href":"https:\/\/www.anovapeneira.gal\/index.php\/wp-json\/wp\/v2\/types\/page"}],"author":[{"embeddable":true,"href":"https:\/\/www.anovapeneira.gal\/index.php\/wp-json\/wp\/v2\/users\/1"}],"replies":[{"embeddable":true,"href":"https:\/\/www.anovapeneira.gal\/index.php\/wp-json\/wp\/v2\/comments?post=3"}],"version-history":[{"count":5,"href":"https:\/\/www.anovapeneira.gal\/index.php\/wp-json\/wp\/v2\/pages\/3\/revisions"}],"predecessor-version":[{"id":559,"href":"https:\/\/www.anovapeneira.gal\/index.php\/wp-json\/wp\/v2\/pages\/3\/revisions\/559"}],"wp:attachment":[{"href":"https:\/\/www.anovapeneira.gal\/index.php\/wp-json\/wp\/v2\/media?parent=3"}],"curies":[{"name":"wp","href":"https:\/\/api.w.org\/{rel}","templated":true}]}}

Política de privacidade

<h2 class="wp-block-heading">Quénes somos</h2>



<p>a dirección da nosa web é: http://www.anovapeneira.gal.</p>



<h2 class="wp-block-heading">Que datos persoais recollemos e por que os recollemos</h2>



<h3 class="wp-block-heading">Comentarios</h3>



<p>Cando os visitantes deixan comentarios na web, recompilamos os datos que se mostran no formulario de comentarios, así como a dirección IP do visitante e a cadea de axentes de usuario do navegador para axudar á detección de  spam.</p>



<p>Unha cadea anónima creada a partir da túa dirección de correo electrónico (tamén chamada  hash) pode ser proporcionada ao servizo de  Gravatar para ver se a estás usando. A política de privacidade do servizo  Gravatar está dispoñible aquí:  https:// automattic. com/ privacy/. Despois da aprobación do teu comentario, a imaxe do teu perfil é visible para o público no contexto do seu comentario.</p>



<h3 class="wp-block-heading">Medios</h3>



<p>Se sobes imaxes á web deberías evitar subir imaxes con datos de localización ( GPS  EXIF) incluídos. Os visitantes da web poden descargar e extraer calquera dato de localización das imaxes da web.</p>



<h3 class="wp-block-heading">Cookies</h3>



<p>Se deixas un comentario no noso sitio podes elixir gardar o teu nome, dirección de correo electrónico e web en  cookies. Isto é para a túa comodidade, para que non teñas que volver encher os teus datos cando deixes outro comentario. Estas  cookies terán unha duración dun ano.</p>



<p>Se tes unha conta e conéctasche a este sitio, instalaremos unha  cookie temporal para determinar se o teu navegador acepta  cookies. Esta  cookie non contén datos persoais e elimínase ao pechar o navegador.</p>



<p>Cando inicias sesión, tamén instalaremos varias  cookies para gardar a túa información de inicio de sesión e as túas opcións de visualización de pantalla. As  cookies de inicio de sesión duran dous días, e as  cookies de opcións de pantalla duran un ano. Se seleccionas &#8220;Lembrarme&#8221;, o teu inicio de sesión perdurará durante dúas semanas. Se salgues da túa conta, as  cookies de inicio de sesión eliminaranse.</p>



<p>Se editas ou publicas un artigo gardarase unha  cookie adicional no teu navegador. Esta  cookie non inclúe datos persoais e simplemente indica o IDE do artigo que acabas de editar. Caduca despois de 1 día.</p>



<h3 class="wp-block-heading">Contido incrustado doutros sitios web</h3>



<p>Os artigos deste sitio poden incluír contido incrustado (por exemplo, vídeos, imaxes, artigos, etc.). O contido incrustado doutras web compórtase exactamente da mesma maneira que se o visitante visitase a outra web.</p>



<p>Esta web pode recompilar datos sobre ti, utilizar  cookies, incrustar un seguimento adicional de terceiros, e supervisar a túa interacción con ese contido incrustado, incluído o seguimento da túa interacción co contido incrustado se tes unha conta e estás conectado a esa web</p>



<h3 class="wp-block-heading"><br></h3>



<h2 class="wp-block-heading">Canto tempo conservamos os teus datos</h2>



<p>Se deixas un comentario, o comentario e os seus metadatos consérvanse indefinidamente. Isto é para que podamos recoñecer e aprobar comentarios sucesivos automaticamente en lugar de mantelos nunha cola de moderación.</p>



<p>Das persoas usuarias que se rexistran na nosa web, tamén almacenamos a información persoal que proporcionan no seu perfil. Todas as personas usuarias poden ver, editar ou eliminar a súa información persoal en calquera momento (agás que non poden cambiar o seu nome de usuario). Os administradores da web tamén poden ver e editar esa información.</p>



<h2 class="wp-block-heading">Que dereitos tes sobre os teus datos</h2>



<p>Se tes unha conta ou deixaches comentarios nesta web, podes solicitar recibir un arquivo de exportación dos datos persoais que temos sobre ti, incluíndo calquera dato que nos proporcionaras. Tamén podes solicitar que eliminemos calquera dato persoal que teñamos sobre ti. Isto non inclúe ningún dato que esteamos obrigados a conservar con fins administrativos, legais ou de seguridade.</p>



<h2 class="wp-block-heading">Onde enviamos os teus datos</h2>



<p>Os comentarios dos visitantes poida que revíseos un servizo de detección automática de  spam.</p>



<h3 class="wp-block-heading"><br></h3>

<div class="mh-excerpt"><p>Quénes somos a dirección da nosa web é: http://www.anovapeneira.gal. Que datos persoais recollemos e por que os recollemos Comentarios Cando os visitantes deixan comentarios na web, recompilamos os datos que se mostran no formulario de <a class="mh-excerpt-more" href="https://www.anovapeneira.gal/index.php/politica-privacidad/" title="Política de privacidade">[&#8230;]</a></p>
</div>

<!-- This site is optimized with the Yoast SEO plugin v27.4 - https://yoast.com/product/yoast-seo-wordpress/ -->
<title>Política de privacidade -</title>
<meta name="robots" content="index, follow, max-snippet:-1, max-image-preview:large, max-video-preview:-1" />
<link rel="canonical" href="https://www.anovapeneira.gal/index.php/politica-privacidad/" />
<meta property="og:locale" content="gl_ES" />
<meta property="og:type" content="article" />
<meta property="og:title" content="Política de privacidade -" />
<meta property="og:description" content="Quénes somos a dirección da nosa web é: http://www.anovapeneira.gal. Que datos persoais recollemos e por que os recollemos Comentarios Cando os visitantes deixan comentarios na web, recompilamos os datos que se mostran no formulario de [...]" />
<meta property="og:url" content="https://www.anovapeneira.gal/index.php/politica-privacidad/" />
<meta property="article:publisher" content="https://www.facebook.com/anovapeneira" />
<meta property="article:modified_time" content="2019-07-15T21:17:29+00:00" />
<meta name="twitter:card" content="summary_large_image" />
<meta name="twitter:site" content="@APeneira" />
<meta name="twitter:label1" content="Tempo de lectura" />
	<meta name="twitter:data1" content="3 minutos" />
<script type="application/ld+json" class="yoast-schema-graph">{"@context":"https:\/\/schema.org","@graph":[{"@type":"WebPage","@id":"https:\/\/www.anovapeneira.gal\/index.php\/politica-privacidad\/","url":"https:\/\/www.anovapeneira.gal\/index.php\/politica-privacidad\/","name":"Política de privacidade -","isPartOf":{"@id":"https:\/\/www.anovapeneira.gal\/#website"},"datePublished":"2019-05-30T13:47:18+00:00","dateModified":"2019-07-15T21:17:29+00:00","breadcrumb":{"@id":"https:\/\/www.anovapeneira.gal\/index.php\/politica-privacidad\/#breadcrumb"},"inLanguage":"gl-ES","potentialAction":[{"@type":"ReadAction","target":["https:\/\/www.anovapeneira.gal\/index.php\/politica-privacidad\/"]}]},{"@type":"BreadcrumbList","@id":"https:\/\/www.anovapeneira.gal\/index.php\/politica-privacidad\/#breadcrumb","itemListElement":[{"@type":"ListItem","position":1,"name":"Portada","item":"https:\/\/www.anovapeneira.gal\/"},{"@type":"ListItem","position":2,"name":"Política de privacidade"}]},{"@type":"WebSite","@id":"https:\/\/www.anovapeneira.gal\/#website","url":"https:\/\/www.anovapeneira.gal\/","name":"","description":"Xornal galego de información xeral Publicación mensual de novas de Galicia e en especial dos Concellos da sur da provincia de Pontevedra.","publisher":{"@id":"https:\/\/www.anovapeneira.gal\/#organization"},"potentialAction":[{"@type":"SearchAction","target":{"@type":"EntryPoint","urlTemplate":"https:\/\/www.anovapeneira.gal\/?s={search_term_string}"},"query-input":{"@type":"PropertyValueSpecification","valueRequired":true,"valueName":"search_term_string"}}],"inLanguage":"gl-ES"},{"@type":"Organization","@id":"https:\/\/www.anovapeneira.gal\/#organization","name":"A Nova Peneira","url":"https:\/\/www.anovapeneira.gal\/","logo":{"@type":"ImageObject","inLanguage":"gl-ES","@id":"https:\/\/www.anovapeneira.gal\/#\/schema\/logo\/image\/","url":"http:\/\/www.anovapeneira.gal\/wp-content\/uploads\/2019\/06\/logo_a_nova_peneira_portal_web.png","contentUrl":"http:\/\/www.anovapeneira.gal\/wp-content\/uploads\/2019\/06\/logo_a_nova_peneira_portal_web.png","width":300,"height":100,"caption":"A Nova Peneira"},"image":{"@id":"https:\/\/www.anovapeneira.gal\/#\/schema\/logo\/image\/"},"sameAs":["https:\/\/www.facebook.com\/anovapeneira","https:\/\/x.com\/APeneira"]}]}</script>
<!-- / Yoast SEO plugin. -->

Política de privacidade -

Quénes somos a dirección da nosa web é: http://www.anovapeneira.gal. Que datos persoais recollemos e por que os recollemos Comentarios Cando os visitantes deixan comentarios na web, recompilamos os datos que se mostran no formulario de [...]

Xornal galego de información xeral Publicación mensual de novas de Galicia e en especial dos Concellos da sur da provincia de Pontevedra.
